{"id":1411,"date":"2023-05-12T12:23:36","date_gmt":"2023-05-12T15:23:36","guid":{"rendered":"https:\/\/proscenium.com.br\/?page_id=1411"},"modified":"2023-05-16T00:21:59","modified_gmt":"2023-05-16T03:21:59","slug":"sobre-2","status":"publish","type":"page","link":"https:\/\/proscenium.com.br\/?page_id=1411","title":{"rendered":"Sobre a Proscenium"},"content":{"rendered":"<div class=\"wpb-content-wrapper\"><p>[vc_row type=&#8221;vc_default&#8221; margin_top=&#8221;5&#8243; margin_bottom=&#8221;15&#8243; css=&#8221;.vc_custom_1493829267800{padding-top: 70px !important;}&#8221;][vc_column offset=&#8221;vc_col-lg-6 vc_col-md-6 vc_col-xs-12&#8243; css=&#8221;.vc_custom_1493829169670{padding-bottom: 70px !important;}&#8221;]<div id=\"ultimate-heading-569669fa9192e2200\" class=\"uvc-heading ult-adjust-bottom-margin ultimate-heading-569669fa9192e2200 uvc-9636 accent-border-color uvc-heading-default-font-sizes\" data-hspacer=\"no_spacer\"  data-halign=\"left\" style=\"text-align:left\"><div class=\"uvc-heading-spacer no_spacer\" style=\"top\"><\/div><div class=\"uvc-main-heading ult-responsive\"  data-ultimate-target='.uvc-heading.ultimate-heading-569669fa9192e2200 h4'  data-responsive-json-new='{\"font-size\":\"\",\"line-height\":\"\"}' ><h4 style=\"font-weight:bold;\">Ol\u00e1! N\u00f3s somos a Proscenium Ac\u00fastica<\/h4><\/div><\/div><div id=\"ultimate-heading-601769fa9192e2252\" class=\"uvc-heading ult-adjust-bottom-margin ultimate-heading-601769fa9192e2252 uvc-4054  uvc-heading-default-font-sizes\" data-hspacer=\"no_spacer\"  data-halign=\"left\" style=\"text-align:left\"><div class=\"uvc-heading-spacer no_spacer\" style=\"top\"><\/div><div class=\"uvc-main-heading ult-responsive\"  data-ultimate-target='.uvc-heading.ultimate-heading-601769fa9192e2252 h3'  data-responsive-json-new='{\"font-size\":\"\",\"line-height\":\"\"}' ><h3 style=\"font-weight:bold;color:#000000;margin-top:35px;margin-bottom:35px;\">Criamos solu\u00e7\u00f5es ac\u00fasticas sob medida para clientes em todo o Brasil<\/h3><\/div><\/div>[vc_column_text]A Proscenium Ac\u00fastica \u00e9 uma empresa independente especializada em consultoria e projetos de ac\u00fastica e vibra\u00e7\u00e3o. Temos o compromisso de ajudar organiza\u00e7\u00f5es, empresas, poderes p\u00fablicos, arquitetos, engenheiros e clientes a projetar espa\u00e7os e sistemas para o desempenho e conforto ac\u00fastico ideais.<\/p>\n<p>Desenvolvemos solu\u00e7\u00f5es ac\u00fasticas eficazes dentro da viabilidade econ\u00f4mica de cada projeto. Oferecemos uma consultoria ac\u00fastica sob medida.[\/vc_column_text][\/vc_column][vc_column offset=&#8221;vc_col-lg-6 vc_col-md-6 vc_col-xs-12&#8243; css=&#8221;.vc_custom_1493829183360{padding-bottom: 70px !important;}&#8221;]<style type=\"text\/css\" data-type=\"the7_shortcodes-inline-css\">.shortcode-single-image-wrap.shortcode-single-image-d7d6985d9750af2a3eb48564d72ec2df.enable-bg-rollover .rollover i,\n.shortcode-single-image-wrap.shortcode-single-image-d7d6985d9750af2a3eb48564d72ec2df.enable-bg-rollover .rollover-video i {\n  background: -webkit-linear-gradient();\n  background: linear-gradient();\n}\n.shortcode-single-image-wrap.shortcode-single-image-d7d6985d9750af2a3eb48564d72ec2df .rollover-icon {\n  font-size: 32px;\n  color: #ffffff;\n  min-width: 44px;\n  min-height: 44px;\n  line-height: 44px;\n  border-radius: 100px;\n  border-style: solid;\n  border-width: 0px;\n}\n.dt-icon-bg-on.shortcode-single-image-wrap.shortcode-single-image-d7d6985d9750af2a3eb48564d72ec2df .rollover-icon {\n  background: rgba(255,255,255,0.3);\n  box-shadow: none;\n}\n<\/style><div class=\"shortcode-single-image-wrap shortcode-single-image-d7d6985d9750af2a3eb48564d72ec2df alignnone  enable-bg-rollover dt-icon-bg-off\" style=\"margin-top:0px; margin-bottom:0px; margin-left:0px; margin-right:0px; width:1000px;\"><div class=\"shortcode-single-image\"><div class=\"fancy-media-wrap  layzr-bg\" style=\"\"><img fetchpriority=\"high\" decoding=\"async\" class=\"preload-me lazy-load aspect\" src=\"data:image\/svg+xml,%3Csvg%20xmlns%3D&#39;http%3A%2F%2Fwww.w3.org%2F2000%2Fsvg&#39;%20viewBox%3D&#39;0%200%20889%20623&#39;%2F%3E\" data-src=\"https:\/\/proscenium.com.br\/wp-content\/uploads\/2023\/04\/Depositphotos_83445092_S-889x623.jpg\" data-srcset=\"https:\/\/proscenium.com.br\/wp-content\/uploads\/2023\/04\/Depositphotos_83445092_S-889x623.jpg 889w\" loading=\"eager\" sizes=\"(max-width: 889px) 100vw, 889px\" width=\"889\" height=\"623\"  data-dt-location=\"https:\/\/proscenium.com.br\/?attachment_id=1274\" style=\"--ratio: 889 \/ 623;\" alt=\"\" \/><\/div><\/div><\/div>[\/vc_column][\/vc_row][vc_row][vc_column width=&#8221;1\/2&#8243;]<style type=\"text\/css\" data-type=\"the7_shortcodes-inline-css\">.shortcode-single-image-wrap.shortcode-single-image-91254f3f53d9a7a70a67aebb589379a9.enable-bg-rollover .rollover i,\n.shortcode-single-image-wrap.shortcode-single-image-91254f3f53d9a7a70a67aebb589379a9.enable-bg-rollover .rollover-video i {\n  background: -webkit-linear-gradient();\n  background: linear-gradient();\n}\n.shortcode-single-image-wrap.shortcode-single-image-91254f3f53d9a7a70a67aebb589379a9 .rollover-icon {\n  font-size: 32px;\n  color: #ffffff;\n  min-width: 44px;\n  min-height: 44px;\n  line-height: 44px;\n  border-radius: 100px;\n  border-style: solid;\n  border-width: 0px;\n}\n.dt-icon-bg-on.shortcode-single-image-wrap.shortcode-single-image-91254f3f53d9a7a70a67aebb589379a9 .rollover-icon {\n  background: rgba(255,255,255,0.3);\n  box-shadow: none;\n}\n<\/style><div class=\"shortcode-single-image-wrap shortcode-single-image-91254f3f53d9a7a70a67aebb589379a9 alignnone  vc_custom_1684207262346 enable-bg-rollover dt-icon-bg-off\" ><div class=\"shortcode-single-image\"><div class=\"fancy-media-wrap  layzr-bg\" style=\"\"><img decoding=\"async\" class=\"preload-me lazy-load aspect\" src=\"data:image\/svg+xml,%3Csvg%20xmlns%3D&#39;http%3A%2F%2Fwww.w3.org%2F2000%2Fsvg&#39;%20viewBox%3D&#39;0%200%201000%20700&#39;%2F%3E\" data-src=\"https:\/\/proscenium.com.br\/wp-content\/uploads\/2019\/11\/7-bg-125-1000x700.jpg\" data-srcset=\"https:\/\/proscenium.com.br\/wp-content\/uploads\/2019\/11\/7-bg-125-1000x700.jpg 1000w, https:\/\/proscenium.com.br\/wp-content\/uploads\/2019\/11\/7-bg-125-1428x1000.jpg 1428w\" loading=\"eager\" sizes=\"(max-width: 1000px) 100vw, 1000px\" width=\"1000\" height=\"700\"  data-dt-location=\"https:\/\/proscenium.com.br\/?attachment_id=6262\" style=\"--ratio: 1000 \/ 700;\" alt=\"\" \/><\/div><\/div><\/div>[\/vc_column][vc_column width=&#8221;1\/2&#8243;]<div id=\"ultimate-heading-631269fa9192e3ee9\" class=\"uvc-heading ult-adjust-bottom-margin ultimate-heading-631269fa9192e3ee9 uvc-3922 accent-border-color\" data-hspacer=\"line_only\"  data-halign=\"left\" style=\"text-align:left\"><div class=\"uvc-main-heading ult-responsive\"  data-ultimate-target='.uvc-heading.ultimate-heading-631269fa9192e3ee9 h2'  data-responsive-json-new='{\"font-size\":\"desktop:26px;\",\"line-height\":\"desktop:36px;\"}' ><h2 style=\"font-weight:bold;\">Princ\u00edpios do Nosso Trabalho<\/h2><\/div><div class=\"uvc-heading-spacer line_only\" style=\"margin-top:15px;margin-bottom:50px;height:4px;\"><span class=\"uvc-headings-line\" style=\"border-style:solid;border-bottom-width:4px;border-color:;width:50px;\"><\/span><\/div><\/div><div class=\"standard-number-list bullet-top\"><ul>\n<li>Excel\u00eancia: Estamos empenhados em fornecer aos nossos clientes servi\u00e7os de alta qualidade que atendam e superem suas expectativas.<\/li>\n<li>Integridade: Agimos com \u00e9tica, transpar\u00eancia e respeito em todas as nossas intera\u00e7\u00f5es com clientes, parceiros e colaboradores.<\/li>\n<li>Colabora\u00e7\u00e3o: Acreditamos que trabalhar em conjunto com nossos clientes e parceiros leva a melhores resultados.<\/li>\n<li>Foco no Cliente: Ouvimos suas necessidades, entendemos seus objetivos e adaptamos nossos servi\u00e7os para atender \u00e0s suas necessidades espec\u00edficas.<\/li>\n<\/ul>\n<\/div>[\/vc_column][\/vc_row][vc_row][vc_column width=&#8221;1\/2&#8243;]<div id=\"ultimate-heading-593769fa9192e3fc2\" class=\"uvc-heading ult-adjust-bottom-margin ultimate-heading-593769fa9192e3fc2 uvc-3318 accent-border-color\" data-hspacer=\"line_only\"  data-halign=\"left\" style=\"text-align:left\"><div class=\"uvc-main-heading ult-responsive\"  data-ultimate-target='.uvc-heading.ultimate-heading-593769fa9192e3fc2 h2'  data-responsive-json-new='{\"font-size\":\"desktop:26px;\",\"line-height\":\"desktop:36px;\"}' ><h2 style=\"font-weight:bold;\">Nossa Experi\u00eancia<\/h2><\/div><div class=\"uvc-heading-spacer line_only\" style=\"margin-top:15px;margin-bottom:50px;height:4px;\"><span class=\"uvc-headings-line\" style=\"border-style:solid;border-bottom-width:4px;border-color:;width:50px;\"><\/span><\/div><\/div>[vc_column_text]A Proscenium Ac\u00fastica conta com uma equipe experiente de engenharia e arquitetura com amplo hist\u00f3rico de atua\u00e7\u00e3o em projetos ac\u00fasticos industriais, de edifica\u00e7\u00f5es e ambientais. Tamb\u00e9m temos um amplo hist\u00f3rico de P&amp;D em Monitoramento Ac\u00fastico Ambiental Subaqu\u00e1tico e Terrestre para avalia\u00e7\u00f5es de impacto ambiental de diversas atividades.<\/p>\n<p>A Proscenium Ac\u00fastica tem como objetivo se tornar uma refer\u00eancia no setor da ac\u00fastica no Brasil, atrav\u00e9s de consultoria e servi\u00e7os especializados com foco no Cliente.[\/vc_column_text][\/vc_column][vc_column width=&#8221;1\/2&#8243;]<style type=\"text\/css\" data-type=\"the7_shortcodes-inline-css\">.shortcode-single-image-wrap.shortcode-single-image-3a484bb57fc4cc31a837e0491875c271.enable-bg-rollover .rollover i,\n.shortcode-single-image-wrap.shortcode-single-image-3a484bb57fc4cc31a837e0491875c271.enable-bg-rollover .rollover-video i {\n  background: -webkit-linear-gradient();\n  background: linear-gradient();\n}\n.shortcode-single-image-wrap.shortcode-single-image-3a484bb57fc4cc31a837e0491875c271 .rollover-icon {\n  font-size: 32px;\n  color: #ffffff;\n  min-width: 44px;\n  min-height: 44px;\n  line-height: 44px;\n  border-radius: 100px;\n  border-style: solid;\n  border-width: 0px;\n}\n.dt-icon-bg-on.shortcode-single-image-wrap.shortcode-single-image-3a484bb57fc4cc31a837e0491875c271 .rollover-icon {\n  background: rgba(255,255,255,0.3);\n  box-shadow: none;\n}\n<\/style><div class=\"shortcode-single-image-wrap shortcode-single-image-3a484bb57fc4cc31a837e0491875c271 alignnone  vc_custom_1684207308280 enable-bg-rollover dt-icon-bg-off\" ><div class=\"shortcode-single-image\"><div class=\"fancy-media-wrap  layzr-bg\" style=\"\"><img decoding=\"async\" class=\"preload-me lazy-load aspect\" src=\"data:image\/svg+xml,%3Csvg%20xmlns%3D&#39;http%3A%2F%2Fwww.w3.org%2F2000%2Fsvg&#39;%20viewBox%3D&#39;0%200%201000%20700&#39;%2F%3E\" data-src=\"https:\/\/proscenium.com.br\/wp-content\/uploads\/2023\/04\/equipe-scaled-1000x700.jpg\" data-srcset=\"https:\/\/proscenium.com.br\/wp-content\/uploads\/2023\/04\/equipe-scaled-1000x700.jpg 1000w, https:\/\/proscenium.com.br\/wp-content\/uploads\/2023\/04\/equipe-scaled-2000x1400.jpg 2000w\" loading=\"eager\" sizes=\"(max-width: 1000px) 100vw, 1000px\" width=\"1000\" height=\"700\"  data-dt-location=\"https:\/\/proscenium.com.br\/?attachment_id=1296\" style=\"--ratio: 1000 \/ 700;\" alt=\"\" \/><\/div><\/div><\/div>[\/vc_column][\/vc_row]<\/p>\n<\/div>","protected":false},"excerpt":{"rendered":"<p>[vc_row type=&#8221;vc_default&#8221; margin_top=&#8221;5&#8243; margin_bottom=&#8221;15&#8243; css=&#8221;.vc_custom_1493829267800{padding-top: 70px !important;}&#8221;][vc_column offset=&#8221;vc_col-lg-6 vc_col-md-6 vc_col-xs-12&#8243; css=&#8221;.vc_custom_1493829169670{padding-bottom: 70px !important;}&#8221;][vc_column_text]A Proscenium Ac\u00fastica \u00e9 uma empresa independente especializada em consultoria e projetos de ac\u00fastica e vibra\u00e7\u00e3o. Temos o compromisso de ajudar organiza\u00e7\u00f5es, empresas, poderes p\u00fablicos, arquitetos, engenheiros e clientes a projetar espa\u00e7os e sistemas para o desempenho e conforto ac\u00fastico ideais. Desenvolvemos solu\u00e7\u00f5es&hellip;<\/p>\n","protected":false},"author":1,"featured_media":0,"parent":0,"menu_order":2,"comment_status":"closed","ping_status":"closed","template":"","meta":{"footnotes":""},"class_list":["post-1411","page","type-page","status-publish","hentry","description-off"],"_links":{"self":[{"href":"https:\/\/proscenium.com.br\/index.php?rest_route=\/wp\/v2\/pages\/1411","targetHints":{"allow":["GET"]}}],"collection":[{"href":"https:\/\/proscenium.com.br\/index.php?rest_route=\/wp\/v2\/pages"}],"about":[{"href":"https:\/\/proscenium.com.br\/index.php?rest_route=\/wp\/v2\/types\/page"}],"author":[{"embeddable":true,"href":"https:\/\/proscenium.com.br\/index.php?rest_route=\/wp\/v2\/users\/1"}],"replies":[{"embeddable":true,"href":"https:\/\/proscenium.com.br\/index.php?rest_route=%2Fwp%2Fv2%2Fcomments&post=1411"}],"version-history":[{"count":19,"href":"https:\/\/proscenium.com.br\/index.php?rest_route=\/wp\/v2\/pages\/1411\/revisions"}],"predecessor-version":[{"id":55613,"href":"https:\/\/proscenium.com.br\/index.php?rest_route=\/wp\/v2\/pages\/1411\/revisions\/55613"}],"wp:attachment":[{"href":"https:\/\/proscenium.com.br\/index.php?rest_route=%2Fwp%2Fv2%2Fmedia&parent=1411"}],"curies":[{"name":"wp","href":"https:\/\/api.w.org\/{rel}","templated":true}]}}